j) = j**3 + 2*j**2 - j + 2. Let g be x(-2). Suppose w + 13 = -3*k + 95, -g*w + 268 = -3*k. What are the prime factors of w?
2, 5, 7
Suppose -5*b + 18 = b. Suppose -4*c - b*l - l = -944, l - 718 = -3*c. List the prime factors of c.
241
Let q(y) = y**2 - 10*y + 10. Let p be q(9). Suppose -p = l - 5. Suppose 5*x = b + 41 - 0, -2*x + 2 = -l*b. What are the prime factors of x?
3
Suppose -2*v = -0*v + 58. Let x = v - -86. List the prime factors of x.
3, 19
Suppose -2*b + 6*b - 5*t = -25, -t = 4*b - 5. Suppose 5*c + 0 - 15 = b. Suppose 0 + 18 = c*p. List the prime factors of p.
2, 3
Let q = 1699 + 1817. What are the prime factors of q?
2, 3, 293
Suppose -3932 = 5*n - 3*j, n - 3*j + 909 = 113. Let p = 1114 + n. What are the prime factors of p?
2, 3, 5, 11
Suppose 0 = -5*a + 373 + 917. What are the prime factors of 4/(-3)*a/(-4)?
2, 43
Suppose 4*f - 47 = -67. What are the prime factors of -20*(f + 2 - 4)?
2, 5, 7
Let b = 27 - 25. Suppose 7*a = 3*a - 5*w + 338, 0 = b*a + 2*w - 168. List the prime factors of a.
2, 41
Let u(h) be the first derivative of -h**3/3 + 9*h**2/2 - 7*h - 1. Suppose 2*b + 5*t + 1 = 0, -3*b + t + 30 = 6. List the prime factors of u(b).
7
Suppose 3*h - 442 + 49 = -5*q, -5*h + 677 = q. Let t = h + -42. Suppose -3*p = -t - 2. List the prime factors of p.
2
Suppose 3*q - 1201 = -m, -2*m = -2*q - 105 + 911. What are the prime factors of q?
401
Suppose -5*k = 2*z - 30, -33 = -5*z - 2*k - 0*k. Suppose -z*b + 0*b = -675. What are the prime factors of b?
3, 5
Let l(j) = 4*j - 10. Let o be l(4). Suppose -160 = -o*p + 5*p. What are the prime factors of p?
2, 5
Suppose 489*j = 476*j + 8697. List the prime factors of j.
3, 223
List the prime factors of ((-6)/42)/(12/(-310884)).
3701
Let a(c) be the first derivative of -c**4/4 + 8*c**3/3 + 11*c + 6. Suppose 3*j - 18 = -2*q, 0 = 2*j + 4*q - 3 - 1. What are the prime factors of a(j)?
11
Let u be (-1)/(-3)*3 - 12. Let v = u - -19. Suppose -2*a - 2*a = -v. What are the prime factors of a?
2
Suppose -2*w - 1 = -5. Suppose s + 0 + 14 = -w*z, z - 37 = 5*s. List the prime factors of (-676)/(-36) - s/36.
19
Let c be (0 + (-3)/6)*-30. Suppose c = 6*w - w. List the prime factors of w - -6 - 6/2.
2, 3
Let k be (-2)/5 - 168/30. Let r = k - -18. List the prime factors of r.
2, 3
Suppose -4*i = -4*x + 37 + 75, 4*x - 122 = -i. Suppose -20*w - 12 = -24*w. Suppose -2*p - 4*h + x = 0, 3*p - w*h - 80 = -2*h. List the prime factors of p.
5
What are the prime factors of ((-906)/(-4))/((-6)/(-8))?
2, 151
Let j be 8/(-6)*(-18)/8. List the prime factors of ((-12)/16)/(j/(-68)).
17
Suppose y - 5 = -0*y. Suppose 4*o = -2*x + 242, y*x - 4*o = -o + 566. What are the prime factors of x?
5, 23
Let z = -659 + 459. Let q = 291 + z. List the prime factors of q.
7, 13
Let o(g) = -g**2 - 5*g - 13. Let j be o(-6). Let t = 21 + j. Suppose t*r - 2*f - 96 = -5*f, 2*f - 8 = 0. List the prime factors of r.
2, 3, 7
Suppose n + 13 = 5*j, -3*n - 2*j - 7 + 36 = 0. Suppose p - 42 = n. List the prime factors of p.
7
List the prime factors of (-48830)/(-285)*(-1)/(-1)*6.
2, 257
Let l(s) = s**3 - 2*s + 1. Suppose 2 = m - 0. Let f be l(m). Suppose -f*x - 5*a = -x - 137, 5*x + a = 187. List the prime factors of x.
2, 19
Let m = -99 - -173. Suppose -4*l + 2*d = -172, -d - m = -2*l + 3*d. What are the prime factors of l?
3, 5
Suppose -4*x + n + 2*n = -26, 0 = x + 4*n + 3. Suppose -x*d + 55 = 5*h, d - 2*d + 31 = -4*h. List the prime factors of d.
3, 5
Suppose -4*t + 4*g - 56 = 0, -5 = 2*t + 3*g + 23. Let v be (-1)/7 + (-58)/t. Suppose 0 = f + v*f - 95. What are the prime factors of f?
19
Let u = 509 - -74. What are the prime factors of u?
11, 53
Let n be (218 - (1 - 3))/((-9)/(-27)). Let q = -462 + n. What are the prime factors of q?
2, 3, 11
Let j be (-1 + 6)/1 - (-20 + 20). What are the prime factors of (2 + 137)*-1*(4 - j)?
139
Let y be (0 - 0)*(2 - 3). Suppose y = -2*m + 238 - 80. List the prime factors of m.
79
Let n be -9*(4/(-1) + 3). Suppose 4*r - 4*g - 800 = 0, 0 = -2*g - g + n. What are the prime factors of r?
7, 29
Suppose 3*a - 47 = -2*b, -4*b = -3*a - 50 + 1. Let s = b + -2. Let d = s + 5. List the prime factors of d.
19
Let w = 198 + 90. Let g = w - 175. List the prime factors of g.
113
Let o(w) be the second derivative of w**4/2 - w**2 - 13*w. List the prime factors of o(-3).
2, 13
Let w = -3 + 6. Suppose w*v + 5*i - 44 = 0, -5*i = -0*i - 5. Let k = v + 13. List the prime factors of k.
2, 13
Suppose -6*d + 2848 = 2*w - 9*d, 5682 = 4*w + d. List the prime factors of w.
7, 29
Suppose 4*k = -2*c + 2, -k = -c + 6*c + 13. Suppose 0 = -8*y + k*y + 264. List the prime factors of y.
2, 11
Suppose r = -67 + 808. List the prime factors of r.
3, 13, 19
Let r be 7*4*(-6)/(-56). What are the prime factors of r/(-2 - (-161)/79)?
79
Let s = 13 - -15. Suppose 2*h + s = w, 3*h - 5*w = 2*h - 14. List the prime factors of (30/h - -3)*42.
2, 3
Let f = -48 - -16. What are the prime factors of ((-16)/f)/(1/66)?
3, 11
Suppose -4*u + 12 = 4*n, 0 = n + 2*n - u + 3. Suppose -5*o = -i - 4, n*i - 5*i + 8 = 3*o. What are the prime factors of -8*i/(4/(-17))?
2, 17
Suppose 0*m + 5*m = 25. Let w(h) = -h**2 + 12*h - 2. What are the prime factors of w(m)?
3, 11
Suppose 11*n - 12 - 28093 = 0. What are the prime factors of n?
5, 7, 73
Let z = 1282 - 818. List the prime factors of z.
2, 29
Suppose -j - 3*l + 66 = -0*j, -4*l = j - 63. Let v = -57 + j. What are the prime factors of v?
2, 3
Let d(h) = 6*h + 2 - 249*h**2 + 6 + 254*h**2. What are the prime factors of d(-4)?
2
Let h(l) = -10*l + 244. Let r be h(24). Let p(o) be the first derivative of 4*o**2 - 4*o + 1. List the prime factors of p(r).
2, 7
Let w be 48/10 + 76/(-95). Suppose 2*q + 3*x - 45 = q, 2*x + 138 = w*q. What are the prime factors of q?
2, 3
Let m = 84 + -89. List the prime factors of ((5/(-2))/m)/(1/46).
23
Let g = 76 - 17. Suppose -g = -3*m - 17. What are the prime factors of 4/m + 164/14?
2, 3
Let m(y) = -1 + 1 + 151*y**2 + 1 + 3*y - y. What are the prime factors of m(-1)?
2, 3, 5
Let t(z) = -z + 7. Let p be t(11). Let y be (-8)/28 - (-1088)/(-14). What are the prime factors of y/p*16/12?
2, 13
Let w(b) = 6*b**2 + 4*b - 4. Let x(y) = -6*y**2 - 3*y + 4. Let i(j) = 3*w(j) + 4*x(j). Let u be i(2). List the prime factors of 66/5 - 16/u.
2, 7
Suppose -5*c + 2*c = -33. List the prime factors of (-79)/(-1) - (13 - c).
7, 11
Let c(w) = -w**3 - 8*w**2 - 3*w + 10. List the prime factors of c(-13).
2, 3, 149
Let l(w) be the second derivative of -w**3/6 + 3*w**2/2 + 3*w. Let d be l(-8). Suppose d = r - y - 43, 0 = -3*r + y + 172. List the prime factors of r.
59
Let i(d) = -d + 1. Let x = 32 + -46. Let h = x + 11. What are the prime factors of i(h)?
2
Suppose -4*r = -3*d + 2 - 71, 5*r - 81 = 2*d. Suppose 3*z = 2*z + r. What are the prime factors of z?
3, 5
Suppose -4*a + 2*a + 1331 = -5*h, 3*a + h = 1954. List the prime factors of a.
653
Let a = -17 - -21. Suppose -3*b - 5*l = 228, l + a*l = 3*b + 228. Let c = b + 136. What are the prime factors of c?
2, 3, 5
Suppose -c - 2*y - 36 = -2*c, 3*c - 100 = 2*y. Let q = 38 + c. What are the prime factors of q?
2, 5, 7
Let x(d) be the first derivative of d**4/4 - 2*d**3 - 4*d**2 + 5*d + 1. Let w be x(7). List the prime factors of 59*-1*w/2.
59
Let d = 121 + 166. List the prime factors of d.
7, 41
Suppose -3*g + 266 + 477 = 4*y, 4 = 2*y. List the prime factors of g.
5, 7
Suppose 13*c + 7714 = 2*a + 10*c, 2*a + 3*c = 7702. What are the prime factors of a?
2, 41, 47
Suppose -488 = 25*r - 29*r. List the prime factors of r.
2, 61
Let s = 292 - 176. What are the prime factors of s?
2, 29
Suppose 0 = -2*n + n - 2. Suppose 3*s - 3*t - 23 + 2 = 0, 4*s - 73 = -5*t. List the prime factors of n/(-6) + 236/s.
2, 5
Suppose 3*j = 4*b - 6 - 0, -5*b = 2*j + 4. Let y = 25 + j. What are the prime factors of (-5)/((-5)/y) - -1?
2, 3
List the prime factors of -4 - -8 - (-2 + -106).
2, 7
Let a(w) = w**3 - 6*w**2 - 5*w - 6. Let b be a(7). Let m be (16/(-1) - 0)/(-1). What are the prime factors of b/m + 30/4?
2
Let f be (0/(0 - 3))/(-1). Suppose f = -5*x + 4*m + 25, 5*m + 7 = 2*x - 3. Suppose 0 = 2*b + 4*d - 60, 0*b + 5*d = b + x. List the prime factors of b.
2, 5
Let r(s) be the first derivative of -s**3/3 + 9*s**2/2 + 19*s - 16. List the prime factors of r(8).
3
Let t be (-56)/(-6) + 1/(-3